{"id":79,"date":"2019-08-28T19:32:39","date_gmt":"2019-08-28T19:32:39","guid":{"rendered":"https:\/\/c1520456.ferozo.com\/bariloche\/?post_type=product&#038;p=79"},"modified":"2020-03-30T22:28:06","modified_gmt":"2020-03-30T22:28:06","slug":"radiador-calefaccion-proteo-hp-ferroli-x-4","status":"publish","type":"product","link":"http:\/\/exesscalefaccion.com.ar\/bariloche\/producto\/radiador-calefaccion-proteo-hp-ferroli-x-4\/","title":{"rendered":"Radiador Calefacci\u00f3n Proteo Hp Ferroli X 4"},"content":{"rendered":"<?xml encoding=\"utf8\" ?><p>Radiador de 4 elementos para calefacci\u00f3n Proteo HP 600 de Ferroli<\/p>\n<p>Marca: Ferroli<br \/>\nModelo: Proteo HP 600<\/p>\n<p>Nuevo y estudiado dise\u00f1o tanto en el n\u00famero de aletas como en su disposici\u00f3n, que unido a un interior nuevo y reforzado implica tener una elevada emisi\u00f3n t\u00e9rmica y una presi\u00f3n m\u00e1xima de funcionamiento de 16 bar.<br \/>\nGracias a un estudiado dise\u00f1o se ha conseguido una est\u00e9tica moderna y agradable, haciendo innecesario el uso de cubre radiadores que obligan a sobredimensionar las instalaciones.<br \/>\nLa aleaci\u00f3n especial utilizada en su fabricaci\u00f3n resiente a la corrosi\u00f3n y una fabricaci\u00f3n controlada, los hacen tan duraderos como su vivienda.<br \/>\nNuestro sistema exclusivo de junta el\u00e1stica entre elementos asegura una estanqueidad indefinida.<br \/>\nSe suministran pintados individualmente con resinas epoxi polimerizadas, que le proporcionan un acabado de gran belleza y duraci\u00f3n.<\/p>\n<p>Caracter\u00edsticas:<br \/>\n&#8211; Dise\u00f1o exclusivo para soportar m\u00e1ximas presiones.<br \/>\n&#8211; M\u00e1xima duraci\u00f3n<br \/>\n&#8211; Estanquidad total<br \/>\n&#8211; Acabado perfecto<\/p>\n<p>Dimensiones:<br \/>\n&#8211; Profundidad: 98 mm<br \/>\n&#8211; Altura Total: 581 mm<br \/>\n&#8211; Entre centros: 500 mm<br \/>\n&#8211; Ancho: 80 mm<\/p>\n<p>Origen: Espa\u00f1a<\/p>\n","protected":false},"excerpt":{"rendered":"<p>Radiador de 4 elementos para calefacci\u00f3n Proteo HP 600 de Ferroli Marca: Ferroli Modelo: Proteo HP 600 Nuevo y estudiado dise\u00f1o tanto en el n\u00famero de aletas como en su disposici\u00f3n, que unido a un interior nuevo y reforzado implica tener una elevada emisi\u00f3n t\u00e9rmica y una presi\u00f3n m\u00e1xima de funcionamiento de 16 bar. Gracias&hellip;<\/p>\n","protected":false},"featured_media":80,"template":"","meta":[],"product_cat":[18],"product_tag":[],"class_list":{"0":"post-79","1":"product","2":"type-product","3":"status-publish","4":"has-post-thumbnail","6":"product_brand-ferroli","7":"product_cat-radiadores","8":"description-off","10":"first","11":"outofstock","12":"shipping-taxable","13":"product-type-simple"},"_links":{"self":[{"href":"http:\/\/exesscalefaccion.com.ar\/bariloche\/wp-json\/wp\/v2\/product\/79","targetHints":{"allow":["GET"]}}],"collection":[{"href":"http:\/\/exesscalefaccion.com.ar\/bariloche\/wp-json\/wp\/v2\/product"}],"about":[{"href":"http:\/\/exesscalefaccion.com.ar\/bariloche\/wp-json\/wp\/v2\/types\/product"}],"wp:featuredmedia":[{"embeddable":true,"href":"http:\/\/exesscalefaccion.com.ar\/bariloche\/wp-json\/wp\/v2\/media\/80"}],"wp:attachment":[{"href":"http:\/\/exesscalefaccion.com.ar\/bariloche\/wp-json\/wp\/v2\/media?parent=79"}],"wp:term":[{"taxonomy":"product_cat","embeddable":true,"href":"http:\/\/exesscalefaccion.com.ar\/bariloche\/wp-json\/wp\/v2\/product_cat?post=79"},{"taxonomy":"product_tag","embeddable":true,"href":"http:\/\/exesscalefaccion.com.ar\/bariloche\/wp-json\/wp\/v2\/product_tag?post=79"}],"curies":[{"name":"wp","href":"https:\/\/api.w.org\/{rel}","templated":true}]}}